- q. Calculate the highest common divisor of d and 12.
12
Suppose -w - 21 = -2*i, -90 = 3*i - 8*i - 5*w. Let g be (-828)/(-16) - 2/(-8). What is the highest common factor of g and i?
13
Suppose 39 + 9 = 2*x. Calculate the greatest common factor of 16 and x.
8
Let p be 2348/14 + 28/98. What is the highest common divisor of p and 42?
42
Let u be -15 + 12 - (-2 - 1). Suppose u*t = 2*t - 150. Calculate the highest common factor of 50 and t.
25
Let y be (-14)/(-21)*(5 - -1). Suppose -5*k + 134 = y. What is the highest common divisor of 13 and k?
13
Let l be (-1 + -13)/(1 - 2). Let k = 97 - -15. Calculate the greatest common factor of k and l.
14
Let t = -76 - -108. What is the greatest common factor of t and 16?
16
Let d(n) = 18*n - 1. Let t(q) = -36*q + 1. Let r(v) = 5*d(v) + 2*t(v). Let f be r(13). What is the greatest common divisor of 21 and f?
21
Let f(w) = 4*w - 12. Let k be f(9). What is the greatest common divisor of k and 24?
24
Let f(n) = -n**3 + 6*n**2 + 6*n - 2. Let t(k) = -k - 5. Let m be t(-11). Let b be f(m). Calculate the highest common divisor of 17 and b.
17
Let o be 1/(18/8 - 2). Suppose -d = o*d - 25. Calculate the highest common factor of d and 5.
5
Let k = 22 + -12. Let b = 7 - 5. Suppose -b*a = -a - k. What is the greatest common factor of a and 90?
10
Let g be 1 - 12/(0 + -3). Let m be 28/36 - (-4)/18. What is the highest common divisor of m and g?
1
Let a(s) = -2*s**2 + 2*s + 2. Let l be a(3). Let p be 6/l + (-90)/(-25). What is the greatest common divisor of 9 and p?
3
Let z(x) = 3*x**3 + 4*x**2 - 7*x + 12. Let q be z(3). Suppose 5*p + 21 = 81. What is the highest common divisor of q and p?
12
Suppose 3*j + i - 5 = 2, 26 = 4*j - 2*i. Suppose j*z = -2*v + 18, 7*z - 2*z + 2*v = 24. Let f = 48 - 30. Calculate the highest common factor of z and f.
6
Let i be (0 + 0 - 28/42)*-75. Calculate the highest common divisor of 125 and i.
25
Let u be (258/9)/((-2)/3). Let c = -9 + 23. Let m = c - u. Calculate the greatest common divisor of 38 and m.
19
Suppose -5*l = 4*p - 0*l - 77, 5*p + 2*l - 92 = 0. Suppose 0 = 5*s, 5 = 4*q - 4*s - 3. Calculate the highest common divisor of p and q.
2
Let v = -23 + 39. Let h = -8 + v. What is the highest common factor of 40 and h?
8
Let u = -54 - -80. Suppose -3*t - 4*w + 24 = -11, -t = -2*w - 15. What is the highest common factor of t and u?
13
Let m be 1387/19 - (-4 - 1). Calculate the greatest common factor of m and 117.
39
Suppose x - 18 = -h, -x - 4*x - h = -82. Suppose -c + 0*c + l = 71, -5*c - 335 = 5*l. Let g = c + 149. Calculate the greatest common factor of g and x.
16
Suppose r + 15 = 4*r. Let p(h) = h**2 - h - 2. Let y be p(r). What is the highest common divisor of y and 162?
18
Let t be 0/(1 - (6 - 3)). Suppose -5*u + u + 64 = t. What is the highest common divisor of 128 and u?
16
Suppose -3*j = -5*q + j + 11, 0 = q + j - 4. Suppose -2*v - q*v - 50 = -5*p, -4*v = p. What is the highest common factor of 16 and p?
8
Suppose -5*n = 4*w - 32, -3*n + 3 = -9. Suppose w*r = 8 + 19. Let y(m) = m**2 + 4*m + 4. Let g be y(4). Calculate the highest common divisor of g and r.
9
Suppose 40 = -0*l - 5*l. Let j be (60/l)/((-2)/4). What is the greatest common divisor of j and 45?
15
Let u be 6/(-15) - (-2892)/30. Suppose 0 = d + 2*d - 72. Calculate the greatest common divisor of d and u.
24
Let t = 10 + -4. Let l be 210/(-4)*(-8)/t. Suppose 5*h - l = -15. Calculate the greatest common divisor of 22 and h.
11
Let g be (-38)/(-14) + 4/14. Let r be ((-1)/((-3)/g))/(-1). Let i be (4/r)/(4/(-4)). What is the greatest common divisor of 8 and i?
4
Let c = -81 - -100. Calculate the greatest common divisor of c and 38.
19
Suppose -1555 - 3494 = -17*r. Calculate the highest common factor of 27 and r.
27
Let l(v) = -v**3 + v**2 - 2*v - 2. Let y be l(-2). Suppose 0*b + 224 = 2*b. What is the highest common divisor of b and y?
14
Let r(m) = m - 3. Let s be r(7). What is the highest common factor of s and 16?
4
Let w = 7 + -4. Suppose -88 = -3*p - 4*j + 30, 4*p - 144 = -2*j. Suppose -p = -3*t + 2*h, h + 4*h = t - 7. What is the highest common factor of t and w?
3
Let v be (-2)/9 + (-8080)/(-72). Calculate the greatest common factor of v and 16.
16
Suppose -63 = -5*r - j, -9 = -r - 0*r + j. Suppose -r = -2*k - 0*k. What is the highest common factor of k and 24?
6
Let t = 314 - 184. What is the greatest common divisor of t and 10?
10
Let b(r) = 71*r + 1. Let x be b(1). Let c(q) = -2*q. Let s be c(-2). Suppose 26 = s*h + 3*w - 12, 2*h + 3*w = 22. What is the greatest common factor of x and h?
8
Let m = 28 + 32. Calculate the greatest common divisor of m and 15.
15
Suppose 4*i - 4*j = -0*j + 24, -3*i + 10 = 5*j. Suppose i*d = -0*d + 170. Let l = 70 - d. Calculate the greatest common divisor of 4 and l.
4
Suppose 7 = 4*i - 13. Suppose -i*q = -2*k + 25, k + 2*q + 11 = 2*k. Suppose 0 = -k*r - 26 + 186. What is the highest common factor of r and 48?
16
Suppose 84 = 2*r - 132. What is the greatest common factor of r and 12?
12
Suppose 0 = -2*o - 2*j - 3 + 17, 0 = -o + 3*j - 5. Calculate the highest common divisor of o and 4.
4
Suppose 0*w + w - 25 = 0. What is the greatest common factor of w and 10?
5
Let w be ((-14)/(-6))/((-2)/(-6)). Suppose 4*u - 3*r - 2*r = 313, 0 = 4*u + 2*r - 306. Calculate the highest common factor of w and u.
7
Let q(f) = -f**2 - 17*f - 8. Let r be q(-13). Suppose r = 5*d - d. Calculate the highest common factor of 55 and d.
11
Let j = 3 - 2. Let i(m) = 15*m - 2. Let c be i(j). What is the highest common divisor of c and 65?
13
Let z = 40 + 88. Suppose -2*y + z = -2*v, 3*v = -v + 4. Let d be (-9)/45 + (-66)/(-5). What is the greatest common divisor of y and d?
13
Let t be (-4)/(-10) + (-66)/(-10). What is the highest common factor of 28 and t?
7
Let g(w) = 6*w**2. Let r be (-8)/(-6)*(3 - 0). Let o be g(r). Let f be 1/((-2)/4) - -14. Calculate the highest common factor of o and f.
12
Suppose -3*z + 63 = 5*q, 4*z + q - 58 = 3*q. What is the highest common factor of z and 80?
16
Let d(a) = -2*a + 18. Let v be d(8). Suppose -58 - 82 = -3*t - 4*s, v*t - 100 = 4*s. What is the greatest common divisor of 8 and t?
8
Suppose -10*x = -7*x - 33. Calculate the highest common divisor of x and 22.
11
Let p(n) = 7*n**2 + n. Let t be p(-1). Suppose 2*o - 115 = 5*v, 0 = o - 5*v + t*v - 61. Calculate the highest common divisor of o and 40.
20
Let t(l) = 4*l - 5. Let g be t(4). Calculate the highest common factor of g and 11.
11
Let k be 2 - (-4 + 0 + -2). Calculate the highest common divisor of k and 24.
8
Let q(o) = 3*o**2 - 7*o + 9. Let z be q(3). Calculate the greatest common divisor of 5 and z.
5
Let x be ((-6)/5)/((-21)/70). What is the highest common divisor of 1 and x?
1
Let w = -67 + 142. Suppose 6*c - w = c. Calculate the highest common divisor of c and 15.
15
Let p(l) = -l**3 - 8*l**2 - 10*l - 1. Let d be p(-7). What is the highest common factor of 10 and d?
10
Let k(h) = 2*h - 3 + 11 + 2*h. Let s be k(9). What is the greatest common divisor of s and 11?
11
Suppose -25 = -5*f - 0. Let v = 3 - 4. Let n be (0 - -4)*(v - -11). What is the highest common factor of n and f?
5
Let b = -18 + 28. Let x be 2 - (0/2)/2. Suppose -4*t - 13 = z - 2*z, x*z = 3*t + 16. Calculate the greatest common factor of z and b.
5
Suppose 2*f - 4*k - 48 = 0, -f = 2*f - 5*k - 75. What is the greatest common factor of 75 and f?
15
Let t(j) = 4*j - 2. Let d be t(5). Let r be 10*3*3/d. Suppose -4*n + 3 = -n, -r*k + 63 = 3*n. Calculate the highest common factor of k and 132.
12
Let r be 216/(-10) - 10/25. Let t = r - -34. Let i(l) = -l**2 + 11*l + 8. Let o be i(7). What is the highest common divisor of o and t?
12
Let r(h) = -h**2 + 10*h - 8. Let u be r(9). Suppose -u - 3 = -s. Suppose s*p - 42 = p. What is the greatest common factor of 28 and p?
14
Suppose -2*t + 142 - 18 = 0. Suppose 2*z + 3*w = 4*z - 24, -t = -3*z - 2*w. What is the greatest common factor of z and 9?
9
Suppose 4*u + 14 + 42 = 4*y, -2*u + 8 = 0. Calculate the highest common factor of 18 and y.
18
Let w = -35 + 52. Calculate the greatest common factor of w and 119.
17
Let f(t) be the third derivative of -t**5/60 + 5*t**4/12 - 4*t**3/3 + 3*t**2. Let g be f(8). What is the highest common divisor of 2 and g?
2
Let m(d) = d - 2. Let k be m(0). Let l be 1 + (0 - k - 0). Le